 6*n**2 - 8*n - 46. Let b be d(-6). Suppose -b*l - 6*l + 152 = 0. Calculate the highest common divisor of l and i.
19
Suppose -x + 111*d - 112*d + 15 = 0, -2*x + 30 = -d. Calculate the greatest common factor of 23745 and x.
15
Let m = 34 + -21. Suppose 2*k = 9 - m. Let a be (-56)/k*4/8. Calculate the greatest common divisor of a and 112.
14
Let o be 149 + -117 - (1 + 2)/(6/16). What is the highest common divisor of o and 148?
4
Let j be (0 - -50)/(4/14). Let g = -129681 - -129731. Calculate the highest common factor of g and j.
25
Let s = 10825 + -10759. What is the greatest common divisor of 2134 and s?
22
Let z(t) = 2*t**2 + 15*t + 34. Let v be z(-3). Suppose -u + 5*y + 22 = 0, 2*u - 10*y = -v*y + 37. Calculate the highest common factor of u and 289.
17
Let g(n) = 83*n**2 + n + 2. Suppose -7*q = -8*q + 40. Let k = q - 41. Let u be g(k). Calculate the greatest common divisor of 56 and u.
28
Suppose -7*p - 913 + 1018 = 0. Calculate the greatest common divisor of p and 4335.
15
Let r = 45 + -43. Suppose -3*v = -6*v - 3*h + 1428, -4*h = r*v - 958. Let w be v/33 - (-4)/6. What is the greatest common factor of w and 3?
3
Suppose 14*g - 1405 = -677. What is the highest common divisor of 793 and g?
13
Let t(g) = -2*g**3 - 66*g**2 - 526*g - 15. Let w be t(-13). Calculate the highest common divisor of 343 and w.
7
Let s be 35*(-1 - -1 - (-680)/(-50)). Let v = s - -491. Calculate the highest common factor of v and 1095.
15
Suppose 4140 = 78*b - 13020. What is the greatest common factor of b and 2365?
55
Let o be (5/20)/(1/20). Suppose -b = c, -5*c + 9*c - o*b = 36. Suppose 2*p - 32 = -c*u, 2*p = -3*p + 4*u + 66. What is the highest common divisor of 28 and p?
14
Let n(f) = 16*f**2 - 32*f + 51*f - 28*f - 20 - f**3. Let m be n(15). What is the highest common divisor of m and 315?
35
Let o(q) = 6*q - 68. Let f be o(12). Suppose 4*u - 11 = -4*m + 33, f*u = -8. Calculate the highest common divisor of m and 169.
13
Suppose f - 41 = 2*r, -4 = f - 4*r - 43. Suppose -f*m = -46*m + 216. Let o = m + -65. Calculate the greatest common factor of 7 and o.
7
Let g = 25 + 218. Suppose 0 = -559*l + 550*l + 162. Calculate the greatest common factor of g and l.
9
Suppose 0 = -137*v + 20368 + 24264 - 9971. What is the greatest common factor of v and 299?
23
Let b be 10370/323 + 4*(6 - 916/152). What is the highest common factor of b and 19616?
32
Suppose 3*u - 667 = 263. Let v = 405 - 343. What is the greatest common factor of v and u?
62
Suppose 5*h - 48 - 432 = 0. Let n be -60 + 53 - (229 - -1). Let p = n + 249. What is the highest common divisor of h and p?
12
Let v(o) = -497*o + 4. Let a be v(-1). Let w = a + -327. Calculate the greatest common factor of w and 12.
6
Let c be -1*(-174 + (-2 + -5 - -10)). Calculate the greatest common divisor of c and 6.
3
Suppose -133*p = -29248 - 25282. What is the greatest common divisor of p and 5945?
205
Suppose 78*s - 1029688 = -54*s + 262064. Calculate the greatest common factor of 28 and s.
14
Suppose -14*k + 12*k = -198. Suppose 2*r = 4*y + 4*r - 390, r - k = -y. What is the highest common divisor of y and 24?
24
Suppose 76*j - 43532 - 24406 = 9582. What is the greatest common divisor of j and 17?
17
Suppose 2*z = -6*t + t - 718, -3*z = -3. Let r = -140 - t. Calculate the highest common divisor of 72 and r.
4
Let k(r) = -4*r + 1. Let n be k(-1). Suppose -3*x = -4*q - n, -x - 4 = -3*x + 3*q. Let v be x/((-3)/(-6)) + 62. What is the highest common divisor of v and 24?
12
Let h = 235 + -233. Let r be h/(-8) - (-6)/((-168)/(-7315)). What is the highest common divisor of r and 29?
29
Let i(h) = 13*h**2 + 62*h - 135. Let t be i(20). What is the highest common divisor of t and 195?
65
Let z(k) = 39*k - 476. Let i be z(28). What is the greatest common divisor of 1144 and i?
88
Let j be (-95)/(-10) - (-1 + 1/2). Let g = 12 - j. Suppose -10 = 2*n, 2*h + 2*h + g*n = 218. Calculate the highest common divisor of 19 and h.
19
Let u be 8674 - 19/76*-44. Calculate the highest common divisor of 10 and u.
5
Let i(h) = -3*h**2 - 45*h - 153. Let f be i(-9). Suppose y = -3*m + 335, 6*m - 339 = -y + 2*m. Let v = -224 + y. What is the highest common factor of f and v?
9
Let m(i) = 231*i**2 - 17*i - 94. Let z be m(6). Calculate the highest common divisor of 160 and z.
40
Let w be 1/(-8)*-82 - -18*25/600. What is the greatest common divisor of w and 13453?
11
Let q(i) = -i**2 - i + 1. Let z(f) = 2*f**3 + 17*f**2 + f - 15. Let h(v) = q(v) - z(v). Let d be h(-9). What is the greatest common divisor of 272 and d?
34
Let r be (0 - 41/5)/((532/280)/(-19)). Calculate the highest common divisor of r and 4.
2
Suppose -m = f - 8, -5*f + 2*m = -0*f - 26. Calculate the highest common factor of f and 3954.
6
Suppose -184 = -5*y - 4*p + 42, -3*y + 133 = 5*p. Calculate the greatest common divisor of y and 4.
2
Suppose -1340 = -4*f + 21*w - 19*w, 2*f + w = 682. Calculate the highest common factor of f and 182.
26
Suppose 40*i = 49*i + 2736. Let q = i - -330. What is the greatest common divisor of 104 and q?
26
Let y be (-4628)/445*775/(-20). What is the greatest common divisor of y and 1157?
13
Let v = -258 - -260. Suppose -2*z = 3*j - 51, -j - v*j = 3*z - 78. Calculate the greatest common factor of 297 and z.
27
Suppose -24*b + 2771 = 130*b + 615. Calculate the greatest common divisor of b and 343.
7
Let m(x) = 5*x + 1. Let r(g) = -47*g - 317. Let t(h) = -6*m(h) - r(h). Let v be t(-17). What is the greatest common divisor of v and 7?
1
Let s(r) = r + 50. Let b be s(0). Suppose -j + b = 4*j + 5*m, 0 = 5*j - 5*m - 10. Let a be j/4 + 7/(-14). Calculate the highest common factor of 1 and a.
1
Suppose 43*h = h + 1344. Calculate the highest common factor of h and 416.
32
Let s be 1 + -2 - (4 + ((-12519)/(-13))/(-1)). What is the highest common divisor of s and 6?
2
Suppose -655*w + 270823 = -918002. What is the greatest common factor of w and 75?
15
Let v be 41 - -11 - (-3)/1. Let g = 59 + -55. Suppose 10*u - 8*u + g*r = 42, -31 = -u - 4*r. Calculate the greatest common divisor of v and u.
11
Suppose 1766 = -4*s - 2454. Let w be 2/(-14) - (-2 - s/(-35)). Calculate the greatest common divisor of 224 and w.
32
Suppose 0 = 26*b - 4*b - 22. Suppose -4*d - 3*k = -8 + b, -k - 23 = -5*d. Calculate the highest common divisor of 52 and d.
4
Let z = 5060 + -5054. What is the highest common factor of z and 4578?
6
Let l(x) = -x**3 - 15*x**2 + 14*x + 41. Let q be l(-16). Suppose -2*h + q = 3*n - 81, 0 = 5*n + 3*h - 257. What is the highest common divisor of n and 52?
52
Let y be 79 - 1 - 14/(-17 - -31). Calculate the greatest common divisor of y and 2849.
77
Let s be (-2 + -1464)/(2 - (-24)/(-9)). Suppose 10*l - s = 1401. What is the highest common factor of 45 and l?
45
Suppose -148*f + 35757 = -190979. What is the greatest common divisor of f and 12?
4
Let j = 3849 + -3832. What is the highest common divisor of j and 153?
17
Suppose -5*g - 1410 = 5*f, -5*f - 4*g - 1210 = 195. Let z = -257 - f. Calculate the greatest common divisor of z and 160.
20
Let u(c) = 5*c**3 + 18*c**2 + 2*c - 4. Let n be u(-2). What is the greatest common divisor of 879 and n?
3
Let p be 848/12 + (-10)/6. Let t = 5 - 3. Suppose -t*k + 4*k - 46 = 0. Calculate the greatest common factor of k and p.
23
Let r be 1/(-2)*-36*13. Suppose 5*q + 0*q = 2*b + r, 5*q + 3*b = 224. Let v = 30 + 39. What is the highest common factor of v and q?
23
Let n = 48 - 41. Suppose -300 = n*t - 12*t. What is the highest common divisor of t and 260?
20
Let d be (-33 + -4749)*(-2)/12. Suppose -27*a + 3631 = -d. Calculate the highest common factor of a and 4.
4
Suppose 292*d - 79975 - 51719 = -45846. Calculate the greatest common divisor of d and 12.
6
Suppose 2*o - 2 = -q, -723*q = -724*q + 4*o + 38. What is the highest common factor of q and 9562?
14
Let h(z) = 8*z**3 - 1848*z**2 - 5*z + 1182. Let o be h(231). Let a be 794/8 - 1/4. What is the greatest common factor of a and o?
9
Let g = 33790 + -33566. What is the greatest common divisor of g and 427?
7
Let q(h) = -17*h - 1534. Let t be q(-92). What is the greatest common divisor of t and 1130?
10
Suppose -3*k + 240 = 3*c - 2*c, 4*k = -c + 319. Suppose 2*z + l = 108, -5*l - 16 = z - k. What is the greatest common divisor of z and 583?
53
Let u(s) = -s**2 + 46*s - 68. Suppose -3